s the units digit of b?
5
Suppose -5*a - 10 = 5*k, k + 16 = -k - 5*a. Let q(r) = 2*r + 3*r**2 + 4*r - 4*r**k + 2. What is the units digit of q(6)?
2
Suppose a + 0*b - 31 = -2*b, -b = -2. Suppose g = -0*g + a. What is the tens digit of g?
2
Suppose -3*y + 11 = 2*y + 3*m, y + 5*m = 11. Let w(d) = -2*d + 1. Let b be w(y). Let a = b - -3. What is the units digit of a?
2
What is the units digit of -1*1*129/(-3)?
3
Let s(j) = -19*j - 25. What is the units digit of s(-3)?
2
Let u = 44 - 5. What is the tens digit of u?
3
Let b(d) = -d**3 - 7*d**2 + 9*d + 11. Let g be (-154)/21 + (-4)/6. What is the units digit of b(g)?
3
Let t(p) = 26*p**2 - 2*p - 1. What is the tens digit of t(-1)?
2
Let v be 1/(0 + -3 - -2). What is the units digit of v - -2 - 0 - -3?
4
Let r(l) = l. Let b(x) = 2*x + 2. Let p be b(-4). Let w be r(p). Let y(i) = -i**2 - 6*i + 5. What is the units digit of y(w)?
5
Let d(q) be the third derivative of q**6/240 - q**5/40 - q**4/8 - 2*q**2. Let y(t) be the second derivative of d(t). What is the units digit of y(6)?
5
What is the hundreds digit of 157 - (8/3 - 18/27)?
1
Let t be (-2*1)/1 + 5. Suppose 60 = t*y - 3*i, y - i = -2*i + 20. Suppose h = -h + y. What is the tens digit of h?
1
Let y be (-1 + 1)*3/6. What is the units digit of (-22 - y)/(-2 - 0)?
1
Let k(r) be the third derivative of r**4/8 - r**3/2 - 2*r**2. Let q = 0 + 3. What is the units digit of k(q)?
6
Suppose 3*u - 60 = 2*u. What is the tens digit of u?
6
Let w = 5 + -1. What is the units digit of w?
4
Suppose -7*o = 16*o - 5106. What is the hundreds digit of o?
2
Let p = -1 - 3. Let h be (-2)/(-4) + (-58)/p. What is the units digit of 2/10 - (-27)/h?
2
Let l(s) = 7*s - 2. Suppose 4*g - 6 = g. What is the units digit of l(g)?
2
Let z be -1 - (-39)/(3 - 0). Let n = 7 + z. What is the units digit of n?
9
What is the tens digit of (-7 + 3)*(-130)/4?
3
Let o = -1 - -7. Suppose -a - 5*a = 6. What is the units digit of 3/(a/(o/(-3)))?
6
Suppose 0 = -h - 3*p + 4, 5*h - 20 = 2*p - 5*p. Suppose -4*k + 12 - h = 0. What is the units digit of k?
2
Let l(b) = -2*b**3 - 8*b**2 - b - 6. What is the units digit of l(-5)?
9
Suppose 8*p - 3 - 205 = 0. What is the tens digit of p?
2
Let k(c) = 5*c + 1. Let n be k(1). What is the units digit of 120/21 + n/21?
6
Let q(y) = 3*y - y**2 + 0*y + 5*y**2. Let c be q(-2). Let g = c - 4. What is the units digit of g?
6
Suppose 3*v = 9*v. Suppose -5*s - 25 = v, -i + 0*s + 2*s = -37. What is the units digit of i?
7
Suppose -5*n - 3*v = 2, -3*n - 9 = n - 5*v. Let x be (2/4)/(n/4). What is the units digit of (x - 0) + (-3 - -12)?
7
What is the units digit of 6/(5 + -2) - -310?
2
What is the units digit of (104/24)/(1/66)?
6
Suppose -4*j + 5*s + 40 + 54 = 0, 3*j + 5*s - 88 = 0. What is the tens digit of j?
2
What is the units digit of ((-366)/(-9))/(10/(-45)*-3)?
1
Let m(s) = -s**3 - 2*s**2 + s - 3. Let q be m(-3). Suppose 5*g - q*g - 22 = 0. What is the units digit of g?
1
Let v = -1 + 11. Suppose -v = -0*w - 2*w. Suppose w*c + 2*r = -3*r + 65, -2*r + 62 = 5*c. What is the tens digit of c?
1
Let p = -12 - -12. Let l = -11 - -15. Suppose -60 = -3*y - 2*w, -3*y + p*y + l*w + 60 = 0. What is the units digit of y?
0
Suppose -3*h - 2*o = h - 100, -h + 19 = -o. Suppose 0 = 3*g - 5*d - h, -2*d - 5 = -g + d. What is the tens digit of g?
1
Let n(w) = 3*w - 1. Let c be n(2). Let u(d) = -d**2 + 4*d + 5. Let o be u(c). Suppose 0 = 5*k - 2*m - o*m - 5, 0 = -k - 2*m + 13. What is the units digit of k?
3
Let n(g) = -g**3 + 6*g**2 + 3*g - 14. What is the units digit of n(6)?
4
Let t(n) = n**2 - n + 1. Let i(v) = -2*v. Let r be i(-2). Let z be t(r). Suppose z = 2*q - p, q + 4*q + 4*p - 26 = 0. What is the units digit of q?
6
Suppose -3*w + 87 = -2*m + 3*m, 0 = -w + 4*m + 42. Suppose -x = 3*t - 30, -t - w - 23 = -2*x. What is the tens digit of x?
2
What is the units digit of ((-28)/8)/((-3)/30)?
5
Let c(f) = 2*f - 4. Let s be c(5). Suppose -2*o - s = -0. Let z(i) = i**3 + 3*i**2 - i + 3. What is the units digit of z(o)?
6
Suppose 0 = 7*h - 2*h - 120. What is the units digit of h?
4
Let w(n) be the third derivative of n**6/12 + n**5/30 - n**4/24 - 2*n**2. What is the units digit of w(1)?
1
What is the units digit of -1 + -2 + 5/(5/22)?
9
Let n(s) = -s**3 - 7*s**2 + 6*s + 12. Let c(b) = -5*b**3 - 27*b**2 + 23*b + 49. Let p(l) = 2*c(l) - 9*n(l). What is the tens digit of p(7)?
3
Let x(v) = v**3 + v**2 - v + 294. What is the units digit of x(0)?
4
Suppose -15 = 5*q - 8*q. What is the units digit of q?
5
Let n(h) = -h**3 + 4*h**2 - h + 5. Let g be n(4). Let r be 8/(-4)*(-1 - g). Suppose -5*z + r*b = -36, 2*b = 2*z + 2*z - 30. What is the units digit of z?
8
Let g = 15 + 8. What is the tens digit of g?
2
Let s be (14 - 4)*2/5. Suppose p - 6*p - 52 = -l, -s*l = 2*p - 120. Suppose -8*r + 4*r = -l. What is the units digit of r?
8
Let k = 5 - 14. Let o(w) = 23*w + 1. Let v be o(-1). Let g = k - v. What is the units digit of g?
3
Suppose 0 = -b + 3*c + 72, -3*c + 2*c = 4*b - 314. What is the units digit of b?
8
Suppose 0 = -u - 4*u + 35. Suppose 67 + u = 2*x. What is the tens digit of x?
3
Let a(p) be the third derivative of -p**6/120 - 11*p**5/60 - 13*p**4/24 - 13*p**3/6 + 4*p**2. What is the units digit of a(-10)?
7
Let p(x) = 0*x - 4 + 2 - 3*x + 3. What is the tens digit of p(-3)?
1
Suppose -22*p + 27*p = 645. What is the hundreds digit of p?
1
Suppose -v + 1 = -4*b - 5, -94 = -4*v + 2*b. Suppose -5*u - v = -r, 4*r - 2*u - 21 = 11. What is the units digit of r?
6
Let b(s) = -s + 9. Suppose 2*y + 2 = 5*u, 0 = -0*y + 2*y - 2*u + 2. Let a be (-2 - 3)*y + -1. What is the units digit of b(a)?
5
What is the units digit of 4 + -6 + 2 + -2 - -60?
8
Let i = -8 + 10. Suppose -c - i*c = -189. Suppose z = -2*z + c. What is the tens digit of z?
2
Let w(p) = 2*p - 1. Let s be w(8). Let u = 25 - s. What is the units digit of u?
0
Let q(y) = -3*y**2 - y - 9*y + 2*y**2 + 7 - 3. What is the units digit of q(-10)?
4
Let w be (6/(-4))/((-3)/4). Suppose w*h + 1 = a, -3*a + 1 = h - 2. Suppose -3 = g - u - 4*u, -g + a = -3*u. What is the units digit of g?
7
Suppose 5*m + 3*y - 377 = m, -m - 2*y + 88 = 0. What is the tens digit of m?
9
Suppose 0 = 6*w - 2*w - 56. Let k be 4/w - (-19)/7. What is the units digit of (k + -1)/((-2)/(-8))?
8
Let c = -104 - -177. Let f = c + -43. What is the units digit of f?
0
Suppose 148 = 4*b - y, 9 - 25 = -b - 5*y. Suppose 5*a - 9 - b = 0. What is the units digit of a?
9
Suppose 0 = 4*r - 106 - 98. What is the tens digit of r?
5
Suppose -2*u + 3*o + 366 = 0, -o = 4*u - 0*u - 760. What is the tens digit of u?
8
Let b(g) be the third derivative of -g**5/60 + 2*g**4/3 + 8*g**3/3 + 6*g**2. What is the tens digit of b(14)?
4
Let t(n) = -n**3 - 5*n**2 - 4*n - 16. What is the units digit of t(-5)?
4
Let i be 4 + 6*(-2 + 1). What is the tens digit of (i - -1)/((-4)/188)?
4
Let q(w) = -w**3 - 9*w**2. Let k be (-6)/(-4)*(-8 + 2). Let m be q(k). Suppose -1 = -m*i - i. What is the units digit of i?
1
Let g(t) = -t - 1. Let u be g(-6). Suppose f = u*f + 36. Let i = 0 - f. What is the units digit of i?
9
Let r = 33 + -15. What is the units digit of r?
8
Suppose 2*t - 2 + 6 = 2*s, t + 4*s = 8. Suppose t = -0*z + 2*z - 6. Suppose -2*o + z = o. What is the units digit of o?
1
Let k(f) = f**2 - 5*f - 3. Let l be k(6). What is the units digit of (-3 + 6)*l/1?
9
Suppose -11*l = -16*l + 675. What is the units digit of l?
5
Suppose 4*a = -0*a - 80. What is the tens digit of (-508)/a + 4/(-10)?
2
Let o = -100 + 199. What is the units digit of o?
9
Suppose 6 = -0*c + c. What is the units digit of c?
6
Let c be (3*4/6)/2. Suppose 9*k - 34 - 11 = 0. What is the units digit of k + c - -1*1?
7
Let o(m) = 8*m**3 - 3*m**2 - m + 7. What is the hundreds digit of o(3)?
1
Suppose 1 = -5*w - 14, 4*i + 4*w = 40. What is the tens digit of i?
1
What is the units digit of 4/26 + ((-7464)/39)/(-4)?
8
Let z(q) = -q + 4. Let o be z(0). Suppose 0 = o*d - 8*d + 172. What is the units digit of d?
3
Suppose -2*b - 14 = 3*n, 3*n + 20 = -2*n. What is the units digit of (-10)/(-1)*1 + b?
9
Let m = -23 - -57. What is the units digit of m?
4
Let o = -1 + 6. What is the units digit of 4/10 + 3/o?
1
Suppose 2*y = -4, 0*h + 5*y + 6 = -h. Suppose 0 = -7*f + 3*f + h. Let l = f + 9. What is the tens digit of l?
1
Let h be 1/(1